{"id":67,"date":"2025-12-23T02:53:12","date_gmt":"2025-12-23T02:53:12","guid":{"rendered":"https:\/\/velsa.com.mx\/?page_id=67"},"modified":"2025-12-23T02:53:12","modified_gmt":"2025-12-23T02:53:12","slug":"acerca-de-nosotros","status":"publish","type":"page","link":"https:\/\/velsa.com.mx\/?page_id=67","title":{"rendered":"Acerca de nosotros"},"content":{"rendered":"\n<p>    VELSA es creada para la protecci\u00f3n de tu patrimonio a trav\u00e9s de la asesor\u00eda y comercializaci\u00f3n de Bienes Ra\u00edces, otorgamos la asesor\u00eda oportuna que permita a nuestros clientes elegir la mejor opci\u00f3n para sus necesidades.<br><br>Ofrecemos servicios inmobiliarios de excelencia, otorg\u00e1ndole la seguridad que los inmuebles comercializados cumplen con todos los requisitos en apego a las normas que permitan el \u00e9xito de la operaci\u00f3n.<br><\/p>\n\n\n\n<p>Agradecemos su preferencia asegur\u00e1ndole un servicio de calidad.<br><br><\/p>\n\n\n\n<p><strong>Equipo Velsa<\/strong><\/p>\n\n\n\n<p><\/p>\n","protected":false},"excerpt":{"rendered":"<p>VELSA es creada para la protecci\u00f3n de tu patrimonio a trav\u00e9s de la asesor\u00eda y comercializaci\u00f3n de Bienes Ra\u00edces, otorgamos la asesor\u00eda oportuna que permita a nuestros clientes elegir la mejor opci\u00f3n para sus necesidades. Ofrecemos servicios inmobiliarios de excelencia, otorg\u00e1ndole la seguridad que los inmuebles comercializados cumplen con todos los requisitos en apego a &hellip; <\/p>\n<p class=\"link-more\"><a href=\"https:\/\/velsa.com.mx\/?page_id=67\" class=\"more-link\">Continuar leyendo<span class=\"screen-reader-text\"> \u00abAcerca de nosotros\u00bb<\/span><\/a><\/p>\n","protected":false},"author":1,"featured_media":0,"parent":0,"menu_order":0,"comment_status":"closed","ping_status":"closed","template":"","meta":{"footnotes":""},"class_list":["post-67","page","type-page","status-publish","hentry"],"_links":{"self":[{"href":"https:\/\/velsa.com.mx\/index.php?rest_route=\/wp\/v2\/pages\/67","targetHints":{"allow":["GET"]}}],"collection":[{"href":"https:\/\/velsa.com.mx\/index.php?rest_route=\/wp\/v2\/pages"}],"about":[{"href":"https:\/\/velsa.com.mx\/index.php?rest_route=\/wp\/v2\/types\/page"}],"author":[{"embeddable":true,"href":"https:\/\/velsa.com.mx\/index.php?rest_route=\/wp\/v2\/users\/1"}],"replies":[{"embeddable":true,"href":"https:\/\/velsa.com.mx\/index.php?rest_route=%2Fwp%2Fv2%2Fcomments&post=67"}],"version-history":[{"count":1,"href":"https:\/\/velsa.com.mx\/index.php?rest_route=\/wp\/v2\/pages\/67\/revisions"}],"predecessor-version":[{"id":68,"href":"https:\/\/velsa.com.mx\/index.php?rest_route=\/wp\/v2\/pages\/67\/revisions\/68"}],"wp:attachment":[{"href":"https:\/\/velsa.com.mx\/index.php?rest_route=%2Fwp%2Fv2%2Fmedia&parent=67"}],"curies":[{"name":"wp","href":"https:\/\/api.w.org\/{rel}","templated":true}]}}